s digit of x?
2
Let j = 1502 + -905. What is the hundreds digit of j?
5
Let n be ((0/2)/(-2))/(-3). Suppose n = u - 4*a - 16, 0 = -u + a + 3 + 1. Suppose -l + 2 + 20 = u. What is the tens digit of l?
2
Let p(d) = -29*d + 3. Let q be p(-3). Suppose -3*o + 321 = -q. What is the hundreds digit of o?
1
Let z = 2707 + -27. What is the hundreds digit of z?
6
Let a(i) = -2*i + 5. Let g(o) = -5*o + 10. Let v(h) = 13*a(h) - 6*g(h). Let s be v(-2). Let m(c) = -21*c + 3. What is the units digit of m(s)?
6
Let u(l) = l - 8. Suppose -8 = -n + 3. Let b be u(n). Suppose -156 = -4*r - 4*z, -3*r - b*z + 117 = -2*z. What is the units digit of r?
9
What is the tens digit of 255/(-102)*2*-87?
3
Suppose 5*w - 6*p = -3*p + 842, -2*w = -4*p - 348. What is the tens digit of w?
6
Let r(w) = w + 1. Let z be r(-3). Let x = z + 1. What is the units digit of (-28)/x*(-48)/(-28)?
8
Let s = -17 - 58. Let l = -67 - s. What is the units digit of l?
8
What is the hundreds digit of (-7536)/(-18) - 6/(-18)?
4
Let f = 124 + 1226. What is the hundreds digit of f?
3
Let w(z) = z**3 - z**2 + 1. Let a(m) = 4*m**3 + 5*m**2 - 3*m + 6. Let f(i) = a(i) - 3*w(i). Let r be f(-8). Suppose -r = 5*t - 257. What is the tens digit of t?
4
Let r(a) be the third derivative of a**6/120 - a**5/12 + 5*a**4/24 + 7*a**3/6 - 15*a**2. What is the units digit of r(6)?
3
Suppose 2*v - 11 + 1 = 0. Suppose n = 2*f - 36, v*f - 4*n = n + 95. What is the tens digit of f?
1
Suppose 5*g - 3*f - 14614 = 0, g - 2912 = 31*f - 34*f. What is the units digit of g?
1
Let q = 11 + -7. Suppose -p + 78 = 3*m, 282 = 7*p - 3*p + 2*m. Suppose -q*v + p = -v. What is the units digit of v?
3
Let z(m) = 54*m**2 - m. Let a be z(1). What is the tens digit of (a/2)/(2/4)?
5
Suppose 2*m + 2*x = 14, -4*x = -m + 4*m - 26. What is the units digit of (-14 + -4)*(2 - 23/m)?
1
Let a(g) be the third derivative of -7*g**4/4 + g**3/3 - 9*g**2. Let d be a(2). Let k = -35 - d. What is the units digit of k?
7
Suppose 4*q + q = -10, -3*n = -5*q - 103. Suppose -4*l - n = -b - 828, 4*l - 3*b - 799 = 0. What is the units digit of l?
9
Suppose 0 = -0*b - 3*b + 108. Suppose 4*s + 4*g - b = 0, 3*s + 2*g - 30 = -2*s. Suppose -3*m + s*m - 13 = 0. What is the tens digit of m?
1
Suppose -8*o + 4*o + 8 = 0. What is the units digit of o/(-3)*(-15 - -3)?
8
What is the thousands digit of ((228 + -1)*5)/(142 - 141)?
1
Let b(d) = 54*d**2 + d + 1. Let g be (0 - 0) + (-8 - -12). Suppose g*n - 4 = 8*n. What is the units digit of b(n)?
4
Suppose 2*t + 6 = -2, 4*t = -4*j + 21876. What is the units digit of j?
3
Let d be 3/((-3)/2) + (-49)/(-1). Let w = d - 23. What is the tens digit of w?
2
Suppose -2*n - 19*x + 914 = -17*x, 4*n + 3*x - 1824 = 0. What is the hundreds digit of n?
4
Suppose -4*t + 4 = 8, 3*y + 2*t = 1528. Suppose 5*n = -0*n + y. What is the tens digit of n?
0
Suppose 5*b - 470 + 4039 = 3*s, 3*s + b = 3599. What is the thousands digit of s?
1
Suppose -3*l = -3*v - l + 39, 4*v - 52 = 3*l. Let g = 2 - 1. Let z = v - g. What is the units digit of z?
2
Suppose -p + 6*p = 1635. What is the units digit of p?
7
Let t(a) be the third derivative of 1/10*a**5 + 0*a + 0 - 5/24*a**4 + 4*a**2 + 1/120*a**6 - 7/6*a**3. What is the units digit of t(-6)?
3
Let b be 3*(15/9 - -1). Let i = b - 2. What is the units digit of i?
6
Let d(o) = -101*o + 4. Let u be d(-4). Suppose -3*w + u = w. Suppose -2*j - 38 = -3*i + 20, 0 = -5*i + 2*j + w. What is the tens digit of i?
2
Let j = 0 - -8. Let u = j + -3. Suppose -8 = -3*b - u. What is the units digit of b?
1
Let u = -25 + 45. Suppose -7*j + 50 = -2*j. Suppose -14*r = -j*r - u. What is the units digit of r?
5
Suppose 28*g - 34 = 11*g. What is the units digit of 172*9/6 + g?
0
What is the hundreds digit of ((8 - 13) + 3)/((-1)/480)?
9
Let o(l) = 9*l**2. Let j be o(-3). Suppose 4*b = 12 + 20. Suppose -j = b*m - 11*m. What is the units digit of m?
7
Let l(z) = -z**3 - 8*z**2 - 6*z + 9. Let b be l(-8). Suppose -n = 16 - b. Suppose -3*g = -n - 13. What is the units digit of g?
8
Suppose 5*f - o = 14399, -11536 = -11*f + 7*f + 5*o. What is the hundreds digit of f?
8
Let x(k) be the first derivative of k**3/3 - k**2/2 + k + 1. Let m be x(2). Suppose m*a - 17 = 7. What is the units digit of a?
8
Let v = 387 + 208. What is the tens digit of v?
9
Let r = -21 - -14. Let w = r + 7. Suppose -k - 24 = -w*q - q, 2*k + 26 = q. What is the units digit of q?
2
Let a(i) = -i**2 + 53*i + 37. What is the tens digit of a(23)?
2
Suppose 3*p = -4*x - 249, 0 = 3*x - 3*p + 30 + 183. What is the units digit of (-5 - -3)/(3/x)?
4
Suppose 9 = 3*i - 9. Suppose -164 = -i*l + 10. What is the units digit of l?
9
Suppose -z + 4*n = -7, -3*z - 2*n - 1 = -8. Suppose 88 = i - 2*q, -8*q + 326 = 4*i - z*q. What is the units digit of i?
4
Suppose 5*n = -5*y + 1330, 2*y = 5*n + 4*y - 1318. What is the hundreds digit of n?
2
Let v(s) = s**2 - s + 5. Let t be v(0). Suppose c + 444 = 5*y + 5*c, -c + 272 = 3*y. Suppose -t*d + d = -y. What is the tens digit of d?
2
Suppose 8*u + 6*u = 462. Suppose 39*y - 282 = u*y. What is the units digit of y?
7
Suppose -3*b + 5*b = 10. Suppose -75 = -3*s - u + 10, 0 = b*s + 3*u - 139. What is the units digit of s?
9
Let j = 239 + -74. Suppose 5*y - j + 30 = 0. What is the units digit of y?
7
Suppose -4*o + u = 3*u - 6184, -o - 2*u = -1543. What is the thousands digit of o?
1
Let x = -179 + 171. Suppose -3*b - 52 = -b. Let s = x - b. What is the tens digit of s?
1
Suppose 2 = -z + 4. Suppose -z*f - 73 = -p, -5*p + 6*f = 3*f - 358. What is the units digit of p?
1
Suppose -3815 = -12*j - 575. What is the units digit of j?
0
Suppose -2*s - 3*m + 100 = 0, s + 2*s - 5*m - 131 = 0. Let q = 67 - s. Suppose -10*g + q = -8*g. What is the units digit of g?
0
Let c = -1971 - -3360. What is the hundreds digit of c?
3
Let d = 296 - 107. Let z = d - 135. What is the units digit of z?
4
Suppose 4*b = -5*w + 2045, 43 - 1572 = -3*b + w. What is the hundreds digit of b?
5
Suppose 7*w - 4337 = 1823. What is the units digit of w?
0
Let w = -4 - -6. Suppose 3*a = 2*u + 45, -2*u = -w*a - 0*a + 32. Suppose 0 = -14*p + a*p + 44. What is the units digit of p?
4
Let v be (-4 - -1)*3/(-9)*4. What is the units digit of 2852/20 + (0 - v/(-10))?
3
What is the units digit of (9 - (-256)/(-2))*(-1392)/28?
6
Suppose -o + f = 2*f - 436, 3*o - 1288 = 2*f. Let m = o + -193. What is the units digit of m?
9
Let i(s) = -s**3 - 9*s**2 - 2*s. What is the tens digit of i(-14)?
0
Let j(r) be the third derivative of r**5/120 + 19*r**4/12 + r**3/6 + r**2. Let v(t) be the first derivative of j(t). What is the tens digit of v(0)?
3
Suppose -a + 10 = 2. Let y = a + -5. Suppose -y*c + 48 = c. What is the tens digit of c?
1
Let v(o) = 32*o**2 - 2. What is the units digit of v(1)?
0
Suppose 4*l - 4*n + 96 = 0, -3*l = -l + 2*n + 32. Suppose 0*c + 41 = r - c, 3*r - 4*c = 121. Let h = r + l. What is the units digit of h?
3
Let t = 2 + 5. Let n = -492 + 491. What is the tens digit of (t/7)/(n/(-28))?
2
Let k be (-3)/(-5) + (-12)/(-5). Suppose 2*w + 46 = k*q + 6*w, w - 4 = 0. What is the tens digit of q?
1
Suppose -2178 = -14*b + 1910. What is the units digit of b?
2
Let h = 725 - -1891. What is the units digit of h?
6
Suppose 3*t = 2*j - 182, -5*j = -2*t - 2*t - 238. Let c = -26 - t. What is the units digit of c?
6
Let w be (28/(-21))/((-2)/6). Suppose -w*p - 10 = 10. What is the units digit of 134/7 + p/35?
9
Suppose 0 = 597*b - 606*b + 22977. What is the thousands digit of b?
2
Let n(d) = 15*d**2 - 2*d + 27. What is the units digit of n(6)?
5
Suppose -k + 3*k = 2. What is the units digit of k*-14*(-54)/12?
3
Let a(x) = 2*x + 38. Let u be a(-18). Suppose u*l = -3*i + 177, 5*i = 8*l - 4*l - 409. What is the units digit of l?
6
Let p = -13 + -2. Let m be 2/(-4) - 76/(-8). What is the units digit of (-5)/(p/m) - 2?
1
Let a = -22 + 26. Suppose -a*t - 61 = -329. What is the units digit of t?
7
Suppose 2*w - 2157 = -3*g, 2*g - 6*g - 4*w + 2876 = 0. What is the hundreds digit of g?
7
Let y(p) = -171*p - 376. What is the units digit of y(-10)?
4
Let h = 166 + -167. What is the units digit of h/((-2)/(-6)) - (-148 + -8)?
3
Suppose -50*f + 67363 = -19*f. What is the tens digit of f?
7
Let b = -51 - -48. What is the units digit of (b + 27/12)/((-1)/76)?
7
Let q(u) = 45*u - 25. Let l be q(4). Supp